{"id":2,"date":"2023-06-23T20:09:25","date_gmt":"2023-06-23T18:09:25","guid":{"rendered":"http:\/\/filmlook.pl\/?page_id=2"},"modified":"2023-09-07T12:18:24","modified_gmt":"2023-09-07T10:18:24","slug":"film-slubny","status":"publish","type":"page","link":"https:\/\/filmlook.pl\/?page_id=2","title":{"rendered":"Film \u015blubny"},"content":{"rendered":"\n<figure class=\"wp-block-pullquote\"><blockquote><p>Dwa spojrzenia, dwie perspektywy, jedno niezapomniane wydarzenie. Zapewniamy, \u017ce Tw\u00f3j film \u015blubny b\u0119dzie uchwycony z dw\u00f3ch unikalnych punkt\u00f3w widzenia, dodaj\u0105c mu magii i g\u0142\u0119bi.<\/p><cite><strong>&#8222;Podw\u00f3jna Magia Twojego Dnia&#8221;<\/strong><\/cite><\/blockquote><\/figure>\n\n\n\n<figure class=\"wp-block-embed is-type-video is-provider-youtube wp-block-embed-youtube wp-embed-aspect-16-9 wp-has-aspect-ratio\"><div class=\"wp-block-embed__wrapper\">\n<iframe loading=\"lazy\" title=\"Never Let Me Go - Aneta &amp; Krzysztof\" width=\"525\" height=\"295\" src=\"https:\/\/www.youtube.com\/embed\/L-Uv_jK9oFY?feature=oembed\" frameborder=\"0\" allow=\"accelerometer; autoplay; clipboard-write; encrypted-media; gyroscope; picture-in-picture; web-share\" referrerpolicy=\"strict-origin-when-cross-origin\" allowfullscreen><\/iframe>\n<\/div><\/figure>\n\n\n\n<div style=\"height:20px\" aria-hidden=\"true\" class=\"wp-block-spacer\"><\/div>\n\n\n\n<figure class=\"wp-block-pullquote\"><blockquote><p>Nasza dwuosobowa ekipa uchwyci ka\u017cdy u\u015bmiech, \u0142z\u0119 i moment nami\u0119tno\u015bci. Tworzymy film, kt\u00f3ry oddaje pe\u0142en zakres emocji tego wyj\u0105tkowego dnia.<\/p><cite><strong>&#8222;Rozkwit Mi\u0142o\u015bci z Ka\u017cdej Strony&#8221;<\/strong><\/cite><\/blockquote><\/figure>\n\n\n\n<figure class=\"wp-block-embed is-type-video is-provider-youtube wp-block-embed-youtube wp-embed-aspect-16-9 wp-has-aspect-ratio\"><div class=\"wp-block-embed__wrapper\">\n<iframe loading=\"lazy\" title=\"Aneta &amp; Nick\" width=\"525\" height=\"295\" src=\"https:\/\/www.youtube.com\/embed\/HidApbGJE2w?feature=oembed\" frameborder=\"0\" allow=\"accelerometer; autoplay; clipboard-write; encrypted-media; gyroscope; picture-in-picture; web-share\" referrerpolicy=\"strict-origin-when-cross-origin\" allowfullscreen><\/iframe>\n<\/div><\/figure>\n\n\n\n<div style=\"height:25px\" aria-hidden=\"true\" class=\"wp-block-spacer\"><\/div>\n\n\n\n<figure class=\"wp-block-pullquote\"><blockquote><p>Nasza para operator\u00f3w pracuje w harmonii, by uwieczni\u0107 wasze serce bij\u0105ce jako jedno. Tworzymy film \u015blubny, kt\u00f3ry oddaje ca\u0142\u0105 g\u0142\u0119bi\u0119 waszej mi\u0142o\u015bci.<\/p><cite><strong>&#8222;Dwa Serca, Jeden Film&#8221;<\/strong><\/cite><\/blockquote><\/figure>\n\n\n\n<figure class=\"wp-block-embed is-type-video is-provider-youtube wp-block-embed-youtube wp-embed-aspect-16-9 wp-has-aspect-ratio\"><div class=\"wp-block-embed__wrapper\">\n<iframe loading=\"lazy\" title=\"Magdalena &amp; William - teledysk \u015blubny\" width=\"525\" height=\"295\" src=\"https:\/\/www.youtube.com\/embed\/jgBBItzExLk?feature=oembed\" frameborder=\"0\" allow=\"accelerometer; autoplay; clipboard-write; encrypted-media; gyroscope; picture-in-picture; web-share\" referrerpolicy=\"strict-origin-when-cross-origin\" allowfullscreen><\/iframe>\n<\/div><\/figure>\n\n\n\n<div style=\"height:20px\" aria-hidden=\"true\" class=\"wp-block-spacer\"><\/div>\n\n\n\n<figure class=\"wp-block-pullquote\"><blockquote><p>Niech ka\u017cda chwila zostanie zachowana we wspomnieniach na zawsze. Dwa operatorzy z naszej ekipy zagwarantuj\u0105, \u017ce \u017caden istotny moment nie zostanie pomini\u0119ty.<\/p><cite><strong>&#8222;Chwile Zakl\u0119te we Dwoje&#8221;<\/strong><\/cite><\/blockquote><\/figure>\n\n\n\n<figure class=\"wp-block-embed is-type-video is-provider-youtube wp-block-embed-youtube wp-embed-aspect-16-9 wp-has-aspect-ratio\"><div class=\"wp-block-embed__wrapper\">\n<iframe loading=\"lazy\" title=\"Sara &amp; Grzegorz - teledysk \u015blubny\" width=\"525\" height=\"295\" src=\"https:\/\/www.youtube.com\/embed\/QPPgn7qs44Q?feature=oembed\" frameborder=\"0\" allow=\"accelerometer; autoplay; clipboard-write; encrypted-media; gyroscope; picture-in-picture; web-share\" referrerpolicy=\"strict-origin-when-cross-origin\" allowfullscreen><\/iframe>\n<\/div><\/figure>\n\n\n\n<div style=\"height:20px\" aria-hidden=\"true\" class=\"wp-block-spacer\"><\/div>\n\n\n\n<figure class=\"wp-block-pullquote\"><blockquote><p>Dwuosobowa ekipa operator\u00f3w opowie histori\u0119 waszej mi\u0142o\u015bci z r\u00f3\u017cnych perspektyw, tworz\u0105c film, kt\u00f3ry oddaje bogactwo waszego zwi\u0105zku.<\/p><cite><strong>&#8222;Powie\u015b\u0107 Mi\u0142o\u015bci w Dw\u00f3ch G\u0142osach&#8221;<\/strong><\/cite><\/blockquote><\/figure>\n\n\n\n<figure class=\"wp-block-embed is-type-video is-provider-youtube wp-block-embed-youtube wp-embed-aspect-16-9 wp-has-aspect-ratio\"><div class=\"wp-block-embed__wrapper\">\n<iframe loading=\"lazy\" title=\"Julia &amp; Damian\" width=\"525\" height=\"295\" src=\"https:\/\/www.youtube.com\/embed\/XRfB7yFlCVE?feature=oembed\" frameborder=\"0\" allow=\"accelerometer; autoplay; clipboard-write; encrypted-media; gyroscope; picture-in-picture; web-share\" referrerpolicy=\"strict-origin-when-cross-origin\" allowfullscreen><\/iframe>\n<\/div><\/figure>\n\n\n\n<div style=\"height:20px\" aria-hidden=\"true\" class=\"wp-block-spacer\"><\/div>\n\n\n\n<figure class=\"wp-block-pullquote\"><blockquote><p>Dwa pary oczu, kt\u00f3re skupiaj\u0105 si\u0119 na ka\u017cdym detalu. Niech \u017caden moment nie umknie uwadze \u2013 zapewniamy kompleksow\u0105 rejestracj\u0119 waszego wyj\u0105tkowego dnia.<\/p><cite><strong>&#8222;Podw\u00f3jna Uwaga na Detale&#8221;<\/strong><\/cite><\/blockquote><\/figure>\n\n\n\n<figure class=\"wp-block-embed is-type-video is-provider-youtube wp-block-embed-youtube wp-embed-aspect-16-9 wp-has-aspect-ratio\"><div class=\"wp-block-embed__wrapper\">\n<iframe loading=\"lazy\" title=\"Magda &amp; Mateusz\" width=\"525\" height=\"295\" src=\"https:\/\/www.youtube.com\/embed\/DEJGHi3FTh0?feature=oembed\" frameborder=\"0\" allow=\"accelerometer; autoplay; clipboard-write; encrypted-media; gyroscope; picture-in-picture; web-share\" referrerpolicy=\"strict-origin-when-cross-origin\" allowfullscreen><\/iframe>\n<\/div><\/figure>\n\n\n\n<div style=\"height:20px\" aria-hidden=\"true\" class=\"wp-block-spacer\"><\/div>\n\n\n\n<figure class=\"wp-block-pullquote\"><blockquote><p>Jeste\u015bmy przekonani, \u017ce wasza mi\u0142o\u015b\u0107 tworzy jedn\u0105 ca\u0142o\u015b\u0107. Nasza dwuosobowa ekipa zatroszczy si\u0119 o to, by wasz film \u015blubny oddawa\u0142 t\u0119 jedno\u015b\u0107.<\/p><cite><strong>&#8222;Dwie Po\u0142\u00f3wki, Jeden Film&#8221;<\/strong><\/cite><\/blockquote><\/figure>\n\n\n\n<figure class=\"wp-block-embed is-type-video is-provider-youtube wp-block-embed-youtube wp-embed-aspect-16-9 wp-has-aspect-ratio\"><div class=\"wp-block-embed__wrapper\">\n<iframe loading=\"lazy\" title=\"Aneta &amp; Alan\" width=\"525\" height=\"295\" src=\"https:\/\/www.youtube.com\/embed\/Dxg2UcEZCdo?feature=oembed\" frameborder=\"0\" allow=\"accelerometer; autoplay; clipboard-write; encrypted-media; gyroscope; picture-in-picture; web-share\" referrerpolicy=\"strict-origin-when-cross-origin\" allowfullscreen><\/iframe>\n<\/div><\/figure>\n\n\n\n<div style=\"height:19px\" aria-hidden=\"true\" class=\"wp-block-spacer\"><\/div>\n\n\n\n<figure class=\"wp-block-pullquote\"><blockquote><p>Dzi\u0119ki dw\u00f3m operatorom wasze wspomnienia nabior\u0105 g\u0142\u0119bi i o\u017cyj\u0105 na ekranie. Tworzymy film, kt\u00f3ry przeniesie was z powrotem do tych magicznych chwil.<\/p><cite><strong>&#8222;Wspomnienia Wielowymiarowe&#8221;<\/strong><\/cite><\/blockquote><\/figure>\n\n\n\n<figure class=\"wp-block-embed is-type-video is-provider-youtube wp-block-embed-youtube wp-embed-aspect-16-9 wp-has-aspect-ratio\"><div class=\"wp-block-embed__wrapper\">\n<iframe loading=\"lazy\" title=\"Ewa &amp; Tomek\" width=\"525\" height=\"295\" src=\"https:\/\/www.youtube.com\/embed\/d52vJBM2S_c?feature=oembed\" frameborder=\"0\" allow=\"accelerometer; autoplay; clipboard-write; encrypted-media; gyroscope; picture-in-picture; web-share\" referrerpolicy=\"strict-origin-when-cross-origin\" allowfullscreen><\/iframe>\n<\/div><\/figure>\n\n\n\n<div style=\"height:19px\" aria-hidden=\"true\" class=\"wp-block-spacer\"><\/div>\n\n\n\n<figure class=\"wp-block-pullquote\"><blockquote><p>Nasza ekipa sk\u0142ada si\u0119 z dw\u00f3ch oddanych profesjonalist\u00f3w, kt\u00f3rych celem jest uwiecznienie waszej rado\u015bci i mi\u0142o\u015bci w najszykowniejszy spos\u00f3b.<\/p><cite><strong>&#8222;Dw\u00f3ch Operator\u00f3w, Jeden Cel: Wasza Rado\u015b\u0107&#8221;<\/strong><\/cite><\/blockquote><\/figure>\n\n\n\n<figure class=\"wp-block-embed is-type-video is-provider-youtube wp-block-embed-youtube wp-embed-aspect-16-9 wp-has-aspect-ratio\"><div class=\"wp-block-embed__wrapper\">\n<iframe loading=\"lazy\" title=\"Agata &amp; Maciej\" width=\"525\" height=\"295\" src=\"https:\/\/www.youtube.com\/embed\/7d2aEPqRzE8?feature=oembed\" frameborder=\"0\" allow=\"accelerometer; autoplay; clipboard-write; encrypted-media; gyroscope; picture-in-picture; web-share\" referrerpolicy=\"strict-origin-when-cross-origin\" allowfullscreen><\/iframe>\n<\/div><\/figure>\n\n\n\n<div style=\"height:20px\" aria-hidden=\"true\" class=\"wp-block-spacer\"><\/div>\n\n\n\n<figure class=\"wp-block-pullquote\"><blockquote><p>Jedno serce, dwoje operator\u00f3w, trzy wymiary emocji. Zapewniamy, \u017ce tw\u00f3j film \u015blubny b\u0119dzie nie tylko zarejestrowany, ale tak\u017ce o\u017cyje w pe\u0142ni, oddaj\u0105c magiczn\u0105 esencj\u0119 tego niezapomnianego dnia.<\/p><cite><strong>&#8222;Podw\u00f3jna Obecno\u015b\u0107, Potr\u00f3jna Magia: Tw\u00f3j Wyj\u0105tkowy Film \u015alubny&#8221;<\/strong><\/cite><\/blockquote><\/figure>\n\n\n\n<figure class=\"wp-block-embed is-type-video is-provider-youtube wp-block-embed-youtube wp-embed-aspect-16-9 wp-has-aspect-ratio\"><div class=\"wp-block-embed__wrapper\">\n<iframe loading=\"lazy\" title=\"Aleksandra &amp; Oleksandr\" width=\"525\" height=\"295\" src=\"https:\/\/www.youtube.com\/embed\/22HhA_R2nNo?feature=oembed\" frameborder=\"0\" allow=\"accelerometer; autoplay; clipboard-write; encrypted-media; gyroscope; picture-in-picture; web-share\" referrerpolicy=\"strict-origin-when-cross-origin\" allowfullscreen><\/iframe>\n<\/div><\/figure>\n","protected":false},"excerpt":{"rendered":"<p>Dwa spojrzenia, dwie perspektywy, jedno niezapomniane wydarzenie. Zapewniamy, \u017ce Tw\u00f3j film \u015blubny b\u0119dzie uchwycony z dw\u00f3ch unikalnych punkt\u00f3w widzenia, dodaj\u0105c mu magii i g\u0142\u0119bi. &#8222;Podw\u00f3jna Magia Twojego Dnia&#8221; Nasza dwuosobowa ekipa uchwyci ka\u017cdy u\u015bmiech, \u0142z\u0119 i moment nami\u0119tno\u015bci. Tworzymy film, kt\u00f3ry oddaje pe\u0142en zakres emocji tego wyj\u0105tkowego dnia. &#8222;Rozkwit Mi\u0142o\u015bci z Ka\u017cdej Strony&#8221; Nasza para [&hellip;]<\/p>\n","protected":false},"author":1,"featured_media":0,"parent":0,"menu_order":0,"comment_status":"closed","ping_status":"closed","template":"","meta":{"footnotes":""},"class_list":["post-2","page","type-page","status-publish","hentry"],"yoast_head":"<!-- This site is optimized with the Yoast SEO plugin v21.1 - https:\/\/yoast.com\/wordpress\/plugins\/seo\/ -->\n<title>Film \u015blubny - FilmLOOK<\/title>\n<meta name=\"robots\" content=\"index, follow, max-snippet:-1, max-image-preview:large, max-video-preview:-1\" \/>\n<link rel=\"canonical\" href=\"https:\/\/filmlook.pl\/?page_id=2\" \/>\n<meta property=\"og:locale\" content=\"pl_PL\" \/>\n<meta property=\"og:type\" content=\"article\" \/>\n<meta property=\"og:title\" content=\"Film \u015blubny - FilmLOOK\" \/>\n<meta property=\"og:description\" content=\"Dwa spojrzenia, dwie perspektywy, jedno niezapomniane wydarzenie. Zapewniamy, \u017ce Tw\u00f3j film \u015blubny b\u0119dzie uchwycony z dw\u00f3ch unikalnych punkt\u00f3w widzenia, dodaj\u0105c mu magii i g\u0142\u0119bi. &#8222;Podw\u00f3jna Magia Twojego Dnia&#8221; Nasza dwuosobowa ekipa uchwyci ka\u017cdy u\u015bmiech, \u0142z\u0119 i moment nami\u0119tno\u015bci. Tworzymy film, kt\u00f3ry oddaje pe\u0142en zakres emocji tego wyj\u0105tkowego dnia. &#8222;Rozkwit Mi\u0142o\u015bci z Ka\u017cdej Strony&#8221; Nasza para [&hellip;]\" \/>\n<meta property=\"og:url\" content=\"https:\/\/filmlook.pl\/?page_id=2\" \/>\n<meta property=\"og:site_name\" content=\"FilmLOOK\" \/>\n<meta property=\"article:modified_time\" content=\"2023-09-07T10:18:24+00:00\" \/>\n<meta name=\"twitter:card\" content=\"summary_large_image\" \/>\n<meta name=\"twitter:label1\" content=\"Szacowany czas czytania\" \/>\n\t<meta name=\"twitter:data1\" content=\"1 minuta\" \/>\n<script type=\"application\/ld+json\" class=\"yoast-schema-graph\">{\"@context\":\"https:\/\/schema.org\",\"@graph\":[{\"@type\":\"WebPage\",\"@id\":\"https:\/\/filmlook.pl\/?page_id=2\",\"url\":\"https:\/\/filmlook.pl\/?page_id=2\",\"name\":\"Film \u015blubny - FilmLOOK\",\"isPartOf\":{\"@id\":\"http:\/\/filmlook.pl\/#website\"},\"datePublished\":\"2023-06-23T18:09:25+00:00\",\"dateModified\":\"2023-09-07T10:18:24+00:00\",\"breadcrumb\":{\"@id\":\"https:\/\/filmlook.pl\/?page_id=2#breadcrumb\"},\"inLanguage\":\"pl-PL\",\"potentialAction\":[{\"@type\":\"ReadAction\",\"target\":[\"https:\/\/filmlook.pl\/?page_id=2\"]}]},{\"@type\":\"BreadcrumbList\",\"@id\":\"https:\/\/filmlook.pl\/?page_id=2#breadcrumb\",\"itemListElement\":[{\"@type\":\"ListItem\",\"position\":1,\"name\":\"Home\",\"item\":\"http:\/\/filmlook.pl\/\"},{\"@type\":\"ListItem\",\"position\":2,\"name\":\"Film \u015blubny\"}]},{\"@type\":\"WebSite\",\"@id\":\"http:\/\/filmlook.pl\/#website\",\"url\":\"http:\/\/filmlook.pl\/\",\"name\":\"FilmLOOK\",\"description\":\"Nowy wymiar filmu\",\"potentialAction\":[{\"@type\":\"SearchAction\",\"target\":{\"@type\":\"EntryPoint\",\"urlTemplate\":\"http:\/\/filmlook.pl\/?s={search_term_string}\"},\"query-input\":\"required name=search_term_string\"}],\"inLanguage\":\"pl-PL\"}]}<\/script>\n<!-- \/ Yoast SEO plugin. -->","yoast_head_json":{"title":"Film \u015blubny - FilmLOOK","robots":{"index":"index","follow":"follow","max-snippet":"max-snippet:-1","max-image-preview":"max-image-preview:large","max-video-preview":"max-video-preview:-1"},"canonical":"https:\/\/filmlook.pl\/?page_id=2","og_locale":"pl_PL","og_type":"article","og_title":"Film \u015blubny - FilmLOOK","og_description":"Dwa spojrzenia, dwie perspektywy, jedno niezapomniane wydarzenie. Zapewniamy, \u017ce Tw\u00f3j film \u015blubny b\u0119dzie uchwycony z dw\u00f3ch unikalnych punkt\u00f3w widzenia, dodaj\u0105c mu magii i g\u0142\u0119bi. &#8222;Podw\u00f3jna Magia Twojego Dnia&#8221; Nasza dwuosobowa ekipa uchwyci ka\u017cdy u\u015bmiech, \u0142z\u0119 i moment nami\u0119tno\u015bci. Tworzymy film, kt\u00f3ry oddaje pe\u0142en zakres emocji tego wyj\u0105tkowego dnia. &#8222;Rozkwit Mi\u0142o\u015bci z Ka\u017cdej Strony&#8221; Nasza para [&hellip;]","og_url":"https:\/\/filmlook.pl\/?page_id=2","og_site_name":"FilmLOOK","article_modified_time":"2023-09-07T10:18:24+00:00","twitter_card":"summary_large_image","twitter_misc":{"Szacowany czas czytania":"1 minuta"},"schema":{"@context":"https:\/\/schema.org","@graph":[{"@type":"WebPage","@id":"https:\/\/filmlook.pl\/?page_id=2","url":"https:\/\/filmlook.pl\/?page_id=2","name":"Film \u015blubny - FilmLOOK","isPartOf":{"@id":"http:\/\/filmlook.pl\/#website"},"datePublished":"2023-06-23T18:09:25+00:00","dateModified":"2023-09-07T10:18:24+00:00","breadcrumb":{"@id":"https:\/\/filmlook.pl\/?page_id=2#breadcrumb"},"inLanguage":"pl-PL","potentialAction":[{"@type":"ReadAction","target":["https:\/\/filmlook.pl\/?page_id=2"]}]},{"@type":"BreadcrumbList","@id":"https:\/\/filmlook.pl\/?page_id=2#breadcrumb","itemListElement":[{"@type":"ListItem","position":1,"name":"Home","item":"http:\/\/filmlook.pl\/"},{"@type":"ListItem","position":2,"name":"Film \u015blubny"}]},{"@type":"WebSite","@id":"http:\/\/filmlook.pl\/#website","url":"http:\/\/filmlook.pl\/","name":"FilmLOOK","description":"Nowy wymiar filmu","potentialAction":[{"@type":"SearchAction","target":{"@type":"EntryPoint","urlTemplate":"http:\/\/filmlook.pl\/?s={search_term_string}"},"query-input":"required name=search_term_string"}],"inLanguage":"pl-PL"}]}},"_links":{"self":[{"href":"https:\/\/filmlook.pl\/index.php?rest_route=\/wp\/v2\/pages\/2","targetHints":{"allow":["GET"]}}],"collection":[{"href":"https:\/\/filmlook.pl\/index.php?rest_route=\/wp\/v2\/pages"}],"about":[{"href":"https:\/\/filmlook.pl\/index.php?rest_route=\/wp\/v2\/types\/page"}],"author":[{"embeddable":true,"href":"https:\/\/filmlook.pl\/index.php?rest_route=\/wp\/v2\/users\/1"}],"replies":[{"embeddable":true,"href":"https:\/\/filmlook.pl\/index.php?rest_route=%2Fwp%2Fv2%2Fcomments&post=2"}],"version-history":[{"count":24,"href":"https:\/\/filmlook.pl\/index.php?rest_route=\/wp\/v2\/pages\/2\/revisions"}],"predecessor-version":[{"id":196,"href":"https:\/\/filmlook.pl\/index.php?rest_route=\/wp\/v2\/pages\/2\/revisions\/196"}],"wp:attachment":[{"href":"https:\/\/filmlook.pl\/index.php?rest_route=%2Fwp%2Fv2%2Fmedia&parent=2"}],"curies":[{"name":"wp","href":"https:\/\/api.w.org\/{rel}","templated":true}]}}